0, what is 2 - 22029?
-22027
In base 4, what is 11313 - -12323?
30302
In base 15, what is 18a + -242?
-a7
In base 4, what is -13333 + -10312?
-30311
In base 15, what is -175 - 22?
-197
In base 6, what is 4 + 2324133?
2324141
In base 14, what is -5 + -12bb?
-12c2
In base 13, what is 877 + -9?
86b
In base 15, what is -2 - -56b7?
56b5
In base 9, what is 0 + 3453?
3453
In base 4, what is 22332 - -103012?
132010
In base 8, what is -7676355 + 2?
-7676353
In base 13, what is 1 + 4497a?
4497b
In base 4, what is -330131 + 13?
-330112
In base 8, what is 10637 - -1?
10640
In base 4, what is 1011222313 + -11?
1011222302
In base 5, what is 3 + -14224232?
-14224224
In base 9, what is 1 - 18047?
-18046
In base 3, what is 112022100120 - 12?
112022100101
In base 8, what is -1 + 1435012?
1435011
In base 15, what is -1a3 + -15?
-1b8
In base 6, what is -1 - -240351?
240350
In base 16, what is 2 - 4e4ad?
-4e4ab
In base 3, what is 21 - -2221110122?
2221110220
In base 9, what is -46687 + -4?
-46702
In base 10, what is -27 + 11673?
11646
In base 15, what is 62d + 9?
637
In base 6, what is 3122 - 51?
3031
In base 14, what is -78b + -994?
-1341
In base 11, what is 77 + 6?
82
In base 5, what is -1 - -31122?
31121
In base 13, what is 3b6652 - 3?
3b664c
In base 13, what is 5 + a15a?
a162
In base 6, what is 0 + -250030?
-250030
In base 15, what is -20 + -25?
-45
In base 2, what is -101100000 - 110101000000?
-111010100000
In base 6, what is 34510 - -3?
34513
In base 3, what is -11022022 - -102120?
-10212202
In base 5, what is 2024444 - 3?
2024441
In base 7, what is 2 + 413351?
413353
In base 9, what is 22 - -171?
203
In base 8, what is 4 - 772071?
-772065
In base 11, what is -2 + -30a1?
-30a3
In base 7, what is -523 - -2422?
1566
In base 10, what is -4 + -94331?
-94335
In base 5, what is -1033000 - -21?
-1032424
In base 7, what is 4624 + -66?
4525
In base 8, what is 41 - 4162?
-4121
In base 3, what is 10 - -200111010?
200111020
In base 4, what is 30200000 + 10?
30200010
In base 9, what is 406605 + 3?
406608
In base 16, what is -7b - 6298?
-6313
In base 10, what is -2049 - 35?
-2084
In base 3, what is 11012102 - 102?
11012000
In base 12, what is -1 + -a707?
-a708
In base 11, what is 5 - 3a531?
-3a527
In base 3, what is 201001020 - 10?
201001010
In base 14, what is -49 - 7755?
-77a0
In base 12, what is -43 + -250a7?
-2512a
In base 5, what is 314234014 + 4?
314234023
In base 15, what is -5 + -12040?
-12045
In base 8, what is -1133 + -4?
-1137
In base 13, what is 2bc73 - 3?
2bc70
In base 14, what is 3a + 1259?
1295
In base 11, what is -536 - 0?
-536
In base 2, what is 101010 + 10101110110?
10110100000
In base 15, what is -15a + 12?
-148
In base 10, what is 214 + -20?
194
In base 10, what is 433 - -10922?
11355
In base 13, what is 5c8 + -21?
5a7
In base 16, what is -5 + -fa04?
-fa09
In base 13, what is 56 - 1a6a?
-1a14
In base 13, what is -4195b - -2?
-41959
In base 14, what is -26 + 3b46?
3b20
In base 13, what is -1c6 - -137?
-8c
In base 5, what is 113241 - 10300?
102441
In base 3, what is 11201100 - -110?
11201210
In base 9, what is -273558 - -3?
-273555
In base 16, what is -7 - -2e7?
2e0
In base 6, what is -41 + 204211?
204130
In base 15, what is -537e - -3?
-537b
In base 2, what is -11000110 - -1111010010111?
1110111010001
In base 15, what is -6569 - -5?
-6564
In base 14, what is -431 + c2?
-34d
In base 15, what is 99a1a - 1?
99a19
In base 11, what is 4 + 437?
440
In base 10, what is 6 + 1397?
1403
In base 13, what is -2 - 4234?
-4236
In base 8, what is -747 + 36?
-711
In base 9, what is -3 + -18067?
-18071
In base 15, what is -1 - -1b2a65?
1b2a64
In base 14, what is -5 + 123a?
1235
In base 4, what is -20010 + -22203?
-102213
In base 10, what is 95023 + -19?
95004
In base 9, what is 225886 - -3?
226000
In base 10, what is -243944 - -1?
-243943
In base 14, what is -a4345 + -2?
-a4347
In base 9, what is -58531 - -7?
-58523
In base 9, what is -4576 + 5?
-4571
In base 13, what is a54c79 - -2?
a54c7b
In base 15, what is -436 + -466?
-89c
In base 11, what is 2 + 24a410?
24a412
In base 7, what is 5 + -465?
-460
In base 8, what is 75 + -310?
-213
In base 8, what is -254106 - -11?
-254075
In base 12, what is -15542 - 39?
-1557b
In base 7, what is -340 + -1214?
-1554
In base 16, what is d3 + 7d?
150
In base 6, what is 121504 + 3?
121511
In base 7, what is 40642 - 21?
40621
In base 7, what is 620 - -105105?
106025
In base 16, what is 75 + -4b?
2a
In base 10, what is 21 - 4631?
-4610
In base 15, what is 2970 + 0?
2970
In base 11, what is 22a27 + 0?
22a27
In base 15, what is -2cea - -3?
-2ce7
In base 5, what is -241 + 1122?
331
In base 8, what is 14 - -2177?
2213
In base 10, what is -158 + -13079?
-13237
In base 14, what is 2 - 166ccc?
-166cca
In base 15, what is -30cb00 - -1?
-30caee
In base 9, what is 2 - -753870?
753872
In base 11, what is -1188 - 12?
-119a
In base 13, what is 5 - 3a76?
-3a71
In base 2, what is -1 + 100100000110?
100100000101
In base 16, what is -18 + 219?
201
In base 6, what is 0 + 205450?
205450
In base 5, what is -3 - 304202?
-304210
In base 7, what is -35 + -63501?
-63536
In base 4, what is -301 + 10323?
10022
In base 2, what is -10011 - 100111110111101?
-100111111010000
In base 11, what is -3 - -20a85?
20a82
In base 5, what is 3042 + -44142?
-41100
In base 9, what is 31 + -30152?
-30121
In base 3, what is -2 + 20012000?
20011221
In base 8, what is -253 - 1750?
-2223
In base 11, what is -17762 - -3?
-1775a
In base 7, what is -5 + 2340322?
2340314
In base 10, what is -46576 - 3?
-46579
In base 7, what is -2 + 52140?
52135
In base 14, what is -4 + -782a?
-7830
In base 14, what is -1d - -7093?
7074
In base 11, what is 12693 + -57?
12637
In base 2, what is -1000 - 11110010111111001011?
-11110010111111010011
In base 10, what is -2419 - -1?
-2418
In base 14, what is 5b - 4455?
-43d8
In base 13, what is 38a759 + -1?
38a758
In base 13, what is 38415 + -4?
38411
In base 13, what is -10 - -27827?
27817
In base 5, what is -2142 - 204?
-2401
In base 13, what is -bb111 + -2?
-bb113
In base 16, what is -117f + 1af?
-fd0
In base 4, what is 133 - 1020021?
-1013222
In base 11, what is -4 - 8194?
-8198
In base 12, what is -4 + 17825?
17821
In base 2, what is -111000001 - 1101011000?
-10100011001
In base 14, what is -33 + 994?
961
In base 14, what is -20c + -3d?
-24b
In base 3, what is 21202 - 2221122?
-2122220
In base 16, what is -104f98 - 1?
-104f99
In base 11, what is 4 - 80970?
-80967
In base 6, what is -52 - 11235?
-11331
In base 14, what is -d - 32d9?
-3308
In base 5, what is -11 - 4201114?
-4201130
In base 7, what is -1054266 + -3?
-1054302
In base 11, what is -19686 + a?
-19677
In base 14, what is 2 - 79dc?
-79da
In base 3, what is 2 - 220222021220?
-220222021211
In base 3, what is 1111 + -1002200110?
-1002121222
In base 16, what is -9 + -12a5?
-12ae
In base 13, what is -353 + -9a5?
-1028
In base 9, what is -8 + -188?
-207
In base 2, what is 111 + 11101001111111001?
11101010000000000
In base 14, what is 14451 + -40?
14411
In base 12, what is 3 + -4a8899?
-4a8896
In base 15, what is 8c600 + 3?
8c603
In base 3, what is 102011002000 + -12?
102011001211
In base 2, what is -1100101001010101 + 1100?
-1100101001001001
In base 11, what is 8 - -5692?
569a
In base 10, what is -4 - 4698?
-4702
In base 14, what is -25c - 617?
-875
In base 16, what is 54e + 801?
d4f
In base 5, what is -102022 + 20?
-102002
In base 3, what is 20100 + 12022?
102122
In base 9, what is -25277 - -81?
-25186
In base 16, what is -5 - -41a15?
41a10
In base 13, what is -1b89 + -60?
-1c19
In base 3, what is -11012121 + -1011?
-11020202
In base 15, what is 1e1170 - -2?
1e1172
In base 6, what is -1103521 + 1?
-1103520
In base 5, what is 120143 + -1?
120142
In base 16, what is -6 - -40dc?
40d6
In base 2, what is -1000 - -1001111011001100?
1001111011000100
In base 4, what is 12332131003 - 2?
12332131001
In base 15, what is -30d + -da2?
-11b0
In base 8, what is -3 + 1750?
1745
In base 13, what is -129a4 + 1?
-129a3
In base 6, what is 2 + 1501545?
1501551
In base 2, what is -110 + 111001?
110011
In base 13, what is 1a5 - 21?
184
In base 12, what is -b2 + 63?
-4b
In base 10, what is -18 + 168?
150
In base 2, what is 1 + -1100100000110101?
-1100100000110100
In base 13, what is 206 + -118b?
-c85
In base 14, what is 97